divided by 9.
7
Calculate the remainder when 135 is divided by 46.
43
What is the remainder when 874 is divided by 191?
110
Calculate the remainder when 539 is divided by 12.
11
What is the remainder when 177 is divided by 36?
33
What is the remainder when 8154 is divided by 371?
363
Calculate the remainder when 3380 is divided by 23.
22
What is the remainder when 7556 is divided by 229?
228
What is the remainder when 3142 is divided by 26?
22
Calculate the remainder when 5103 is divided by 116.
115
Calculate the remainder when 122 is divided by 34.
20
Calculate the remainder when 90 is divided by 29.
3
What is the remainder when 602 is divided by 152?
146
What is the remainder when 354 is divided by 113?
15
What is the remainder when 8637 is divided by 144?
141
Calculate the remainder when 275 is divided by 74.
53
Calculate the remainder when 40 is divided by 18.
4
What is the remainder when 115 is divided by 3?
1
What is the remainder when 820 is divided by 41?
0
What is the remainder when 8865 is divided by 62?
61
What is the remainder when 47 is divided by 27?
20
Calculate the remainder when 171 is divided by 30.
21
Calculate the remainder when 1024 is divided by 40.
24
What is the remainder when 282 is divided by 125?
32
What is the remainder when 88 is divided by 76?
12
Calculate the remainder when 186 is divided by 26.
4
What is the remainder when 334 is divided by 65?
9
What is the remainder when 602 is divided by 181?
59
What is the remainder when 14 is divided by 3?
2
Calculate the remainder when 48 is divided by 25.
23
What is the remainder when 94 is divided by 22?
6
Calculate the remainder when 1544 is divided by 222.
212
What is the remainder when 79041 is divided by 6?
3
What is the remainder when 291 is divided by 34?
19
What is the remainder when 358 is divided by 24?
22
Calculate the remainder when 65 is divided by 34.
31
What is the remainder when 155 is divided by 70?
15
What is the remainder when 201 is divided by 26?
19
What is the remainder when 82 is divided by 14?
12
Calculate the remainder when 252 is divided by 17.
14
What is the remainder when 804 is divided by 71?
23
What is the remainder when 269 is divided by 95?
79
What is the remainder when 121 is divided by 22?
11
Calculate the remainder when 1124 is divided by 188.
184
Calculate the remainder when 105 is divided by 46.
13
What is the remainder when 114 is divided by 52?
10
What is the remainder when 232 is divided by 6?
4
What is the remainder when 5399 is divided by 899?
5
Calculate the remainder when 1133 is divided by 243.
161
Calculate the remainder when 302 is divided by 255.
47
Calculate the remainder when 29541 is divided by 24.
21
What is the remainder when 30690 is divided by 206?
202
Calculate the remainder when 89 is divided by 86.
3
What is the remainder when 504 is divided by 64?
56
Calculate the remainder when 246 is divided by 19.
18
Calculate the remainder when 1792 is divided by 39.
37
What is the remainder when 2654 is divided by 1321?
12
What is the remainder when 179 is divided by 73?
33
What is the remainder when 139 is divided by 30?
19
Calculate the remainder when 1097 is divided by 11.
8
What is the remainder when 96 is divided by 40?
16
Calculate the remainder when 189 is divided by 95.
94
Calculate the remainder when 242 is divided by 8.
2
Calculate the remainder when 1376 is divided by 263.
61
Calculate the remainder when 1047 is divided by 7.
4
What is the remainder when 531 is divided by 53?
1
Calculate the remainder when 159 is divided by 18.
15
Calculate the remainder when 82 is divided by 14.
12
Calculate the remainder when 76 is divided by 42.
34
Calculate the remainder when 253 is divided by 32.
29
What is the remainder when 2050 is divided by 20?
10
What is the remainder when 8678 is divided by 70?
68
Calculate the remainder when 4505 is divided by 49.
46
What is the remainder when 50 is divided by 10?
0
What is the remainder when 471 is divided by 98?
79
What is the remainder when 397 is divided by 134?
129
Calculate the remainder when 444 is divided by 65.
54
Calculate the remainder when 25 is divided by 16.
9
What is the remainder when 218 is divided by 73?
72
Calculate the remainder when 166 is divided by 28.
26
Calculate the remainder when 1691 is divided by 47.
46
What is the remainder when 47 is divided by 3?
2
Calculate the remainder when 1236 is divided by 82.
6
What is the remainder when 1814 is divided by 264?
230
Calculate the remainder when 26 is divided by 5.
1
Calculate the remainder when 602 is divided by 138.
50
What is the remainder when 171 is divided by 44?
39
Calculate the remainder when 1277 is divided by 18.
17
What is the remainder when 3722 is divided by 25?
22
Calculate the remainder when 95 is divided by 28.
11
Calculate the remainder when 1381 is divided by 47.
18
What is the remainder when 3581 is divided by 156?
149
What is the remainder when 129 is divided by 108?
21
What is the remainder when 479 is divided by 90?
29
What is the remainder when 790 is divided by 56?
6
What is the remainder when 826 is divided by 160?
26
Calculate the remainder when 35440 is divided by 83.
82
What is the remainder when 1797 is divided by 51?
12
Calculate the remainder when 260 is divided by 30.
20
What is the remainder when 109 is divided by 98?
11
What is the remainder when 1359 is divided by 19?
10
Calculate the remainder when 1075 is divided by 49.
46
What is the remainder when 1887 is divided by 90?
87
What is the remainder when 4325 is divided by 37?
33
Calculate the remainder when 772 is divided by 86.
84
Calculate the remainder when 760 is divided by 191.
187
What is the remainder when 2074 is divided by 51?
34
Calculate the remainder when 1240 is divided by 27.
25
What is the remainder when 34 is divided by 5?
4
What is the remainder when 201 is divided by 95?
11
Calculate the remainder when 556 is divided by 12.
4
Calculate the remainder when 180 is divided by 32.
20
What is the remainder when 372 is divided by 34?
32
What is the remainder when 5884 is divided by 46?
42
Calculate the remainder when 1811 is divided by 6.
5
Calculate the remainder when 66 is divided by 27.
12
Calculate the remainder when 1552 is divided by 105.
82
Calculate the remainder when 491 is divided by 50.
41
Calculate the remainder when 306 is divided by 26.
20
What is the remainder when 124 is divided by 25?
24
Calculate the remainder when 9588 is divided by 320.
308
What is the remainder when 12385 is divided by 105?
100
What is the remainder when 136 is divided by 115?
21
Calculate the remainder when 220 is divided by 47.
32
What is the remainder when 1276 is divided by 129?
115
What is the remainder when 93 is divided by 19?
17
What is the remainder when 136 is divided by 69?
67
What is the remainder when 503 is divided by 227?
49
Calculate the remainder when 304 is divided by 89.
37
Calculate the remainder when 10515 is divided by 22.
21
Calculate the remainder when 90 is divided by 56.
34
Calculate the remainder when 370 is divided by 127.
116
Calculate the remainder when 69 is divided by 22.
3
What is the remainder when 216 is divided by 11?
7
What is the remainder when 130 is divided by 62?
6
What is the remainder when 627 is divided by 105?
102
What is the remainder when 68 is divided by 10?
8
Calculate the remainder when 36177 is divided by 270.
267
Calculate the remainder when 3739 is divided by 17.
16
Calculate the remainder when 542 is divided by 13.
9
What is the remainder when 32 is divided by 13?
6
What is the remainder when 1655 is divided by 32?
23
What is the remainder when 255 is divided by 10?
5
What is the remainder when 69 is divided by 14?
13
Calculate the remainder when 3390 is divided by 845.
10
Calculate the remainder when 17057 is divided by 449.
444
What is the remainder when 36 is divided by 20?
16
What is the remainder when 149 is divided by 54?
41
What is the remainder when 220 is divided by 57?
49
What is the remainder when 95 is divided by 25?
20
What is the remainder when 1968 is divided by 9?
6
Calculate the remainder when 1128 is divided by 16.
8
What is the remainder when 932 is divided by 473?
459
What is the remainder when 13948 is divided by 32?
28
What is the remainder when 4251 is d